{"id":1009,"date":"2021-03-27T19:46:21","date_gmt":"2021-03-27T22:46:21","guid":{"rendered":"https:\/\/consultas.ufmg.br\/?page_id=1009"},"modified":"2021-03-29T11:20:21","modified_gmt":"2021-03-29T14:20:21","slug":"tutorial","status":"publish","type":"page","link":"https:\/\/consultas.ufmg.br\/?page_id=1009","title":{"rendered":"Tutorial"},"content":{"rendered":"\t\t<div data-elementor-type=\"wp-page\" data-elementor-id=\"1009\" class=\"elementor elementor-1009\" data-elementor-settings=\"[]\">\n\t\t\t\t\t\t<div class=\"elementor-inner\">\n\t\t\t\t\t\t\t<div class=\"elementor-section-wrap\">\n\t\t\t\t\t\t\t<section class=\"elementor-section elementor-top-section elementor-element elementor-element-43ffe3c elementor-section-boxed elementor-section-height-default elementor-section-height-default\" data-id=\"43ffe3c\" data-element_type=\"section\">\n\t\t\t\t\t\t<div class=\"elementor-container elementor-column-gap-default\">\n\t\t\t\t\t\t\t<div class=\"elementor-row\">\n\t\t\t\t\t<div class=\"elementor-column elementor-col-100 elementor-top-column elementor-element elementor-element-97d25ba\" data-id=\"97d25ba\" data-element_type=\"column\">\n\t\t\t<div class=\"elementor-column-wrap elementor-element-populated\">\n\t\t\t\t\t\t\t<div class=\"elementor-widget-wrap\">\n\t\t\t\t\t\t<div class=\"elementor-element elementor-element-26d1c5d elementor-widget elementor-widget-heading\" data-id=\"26d1c5d\" data-element_type=\"widget\" data-widget_type=\"heading.default\">\n\t\t\t\t<div class=\"elementor-widget-container\">\n\t\t\t<h2 class=\"elementor-heading-title elementor-size-default\">Tutorial<\/h2>\t\t<\/div>\n\t\t\t\t<\/div>\n\t\t\t\t\t\t<\/div>\n\t\t\t\t\t<\/div>\n\t\t<\/div>\n\t\t\t\t\t\t\t\t<\/div>\n\t\t\t\t\t<\/div>\n\t\t<\/section>\n\t\t\t\t<section class=\"elementor-section elementor-top-section elementor-element elementor-element-e163fb3 elementor-section-boxed elementor-section-height-default elementor-section-height-default\" data-id=\"e163fb3\" data-element_type=\"section\">\n\t\t\t\t\t\t<div class=\"elementor-container elementor-column-gap-default\">\n\t\t\t\t\t\t\t<div class=\"elementor-row\">\n\t\t\t\t\t<div class=\"elementor-column elementor-col-100 elementor-top-column elementor-element elementor-element-7777996\" data-id=\"7777996\" data-element_type=\"column\">\n\t\t\t<div class=\"elementor-column-wrap elementor-element-populated\">\n\t\t\t\t\t\t\t<div class=\"elementor-widget-wrap\">\n\t\t\t\t\t\t<div class=\"elementor-element elementor-element-ca73a38 elementor-widget elementor-widget-text-editor\" data-id=\"ca73a38\" data-element_type=\"widget\" data-widget_type=\"text-editor.default\">\n\t\t\t\t<div class=\"elementor-widget-container\">\n\t\t\t\t\t<div class=\"elementor-text-editor elementor-clearfix\"><p>Sistema de Consultas da UFMG &#8211; Apresenta\u00e7\u00e3o da 2\u00aa Vers\u00e3o<br \/>Transmitido ao vivo em 19 de mar. de 2021<\/p><p><strong>Apresenta\u00e7\u00e3o Power Point:<\/strong><\/p><ul><li><a href=\"https:\/\/youtu.be\/4gmz2KQBl1I?t=40\">Abertura Apresenta\u00e7\u00e3o<\/a><\/li><li><a href=\"https:\/\/youtu.be\/4gmz2KQBl1I?t=242\">Hist\u00f3rico de Implanta\u00e7\u00e3o do Sistema<\/a><\/li><li><a href=\"https:\/\/youtu.be\/4gmz2KQBl1I?t=471\">Motiva\u00e7\u00e3o da cria\u00e7\u00e3o da 2\u00aa vers\u00e3o<\/a><\/li><li><a href=\"https:\/\/youtu.be\/4gmz2KQBl1I?t=660\">Principais novidades na administra\u00e7\u00e3o das Consultas<\/a><\/li><li><a href=\"https:\/\/youtu.be\/4gmz2KQBl1I?t=957\">Estat\u00edsticas de uso do Sistema de Consultas<\/a><\/li><li><a href=\"https:\/\/youtu.be\/4gmz2KQBl1I?t=1063\">Estrat\u00e9gia de implanta\u00e7\u00e3o da 2\u00aa vers\u00e3o<\/a><\/li><li><a href=\"https:\/\/youtu.be\/4gmz2KQBl1I?t=1177\">Metodologia deste treinamento<\/a><\/li><\/ul><p>\u00a0<\/p><p><strong>Site informativo https:\/\/consultas.ufmg.br:<\/strong><\/p><ul><li><a href=\"https:\/\/youtu.be\/4gmz2KQBl1I?t=1240\">Apresenta\u00e7\u00e3o do Site consultas.ufmg.br<\/a><\/li><li><a href=\"https:\/\/youtu.be\/4gmz2KQBl1I?t=1310\">Fale conosco<\/a><\/li><li><a href=\"https:\/\/youtu.be\/4gmz2KQBl1I?t=1360\">FAQ<\/a><\/li><li><a href=\"https:\/\/youtu.be\/4gmz2KQBl1I?t=1419\">Novas Informa\u00e7\u00f5es da 2\u00aa vers\u00e3o<\/a><\/li><li><a href=\"https:\/\/youtu.be\/4gmz2KQBl1I?t=1457\">Acesso ao Sistema de Consultas<\/a><\/li><li><a href=\"https:\/\/youtu.be\/4gmz2KQBl1I?t=1505\">Como administrar<\/a><\/li><li><a href=\"https:\/\/youtu.be\/4gmz2KQBl1I?t=1747\">Quem vota<\/a><\/li><li><a href=\"https:\/\/youtu.be\/4gmz2KQBl1I?t=1806\">Cadastro de guardi\u00f5es<\/a><\/li><li><a href=\"https:\/\/youtu.be\/4gmz2KQBl1I?t=1903\">Orienta\u00e7\u00f5es aos guardi\u00f5es<\/a><\/li><li><a href=\"https:\/\/youtu.be\/4gmz2KQBl1I?t=2153\">Como votar<\/a><\/li><li><a href=\"https:\/\/youtu.be\/4gmz2KQBl1I?t=2335\">Encerramento da vota\u00e7\u00e3o<\/a><\/li><li><a href=\"https:\/\/youtu.be\/4gmz2KQBl1I?t=2374\">Guardi\u00f5es participando da apura\u00e7\u00e3o<\/a><\/li><li><a href=\"https:\/\/youtu.be\/4gmz2KQBl1I?t=2556\">Apurando votos e obtendo resultados<\/a><\/li><\/ul><p>\u00a0<\/p><p><strong>Demonstra\u00e7\u00e3o da 2\u00aa vers\u00e3o do Sistema de Consultas:<\/strong><\/p><ul><li><a href=\"https:\/\/youtu.be\/4gmz2KQBl1I?t=2816\">Introdu\u00e7\u00e3o da 2\u00aa vers\u00e3o do Sistema de Consultas<\/a><\/li><li><a href=\"https:\/\/youtu.be\/4gmz2KQBl1I?t=2907\">Tela inicial do Sistema de Consultas<\/a><\/li><li><a href=\"https:\/\/youtu.be\/4gmz2KQBl1I?t=3008\">Lista de consultas<\/a><\/li><li><a href=\"https:\/\/youtu.be\/4gmz2KQBl1I?t=3093\">Criando consulta<\/a><\/li><li><a href=\"https:\/\/youtu.be\/4gmz2KQBl1I?t=3120\">Aba Consulta eleitoral<\/a><\/li><li><a href=\"https:\/\/youtu.be\/4gmz2KQBl1I?t=3174\">Aba Datas<\/a><\/li><li><a href=\"https:\/\/youtu.be\/4gmz2KQBl1I?t=3290\">Aba Pleitos<\/a><\/li><li><a href=\"https:\/\/youtu.be\/4gmz2KQBl1I?t=3487\">Aba Chapas<\/a><\/li><li><a href=\"https:\/\/youtu.be\/4gmz2KQBl1I?t=3715\">Aba Guardi\u00f5es<\/a><\/li><li><a href=\"https:\/\/youtu.be\/4gmz2KQBl1I?t=3819\">Aba Arquivos<\/a><\/li><li><a href=\"https:\/\/youtu.be\/4gmz2KQBl1I?t=3852\">Salvando a consulta criada<\/a><\/li><li><a href=\"https:\/\/youtu.be\/4gmz2KQBl1I?t=3900\">Adicionar participantes via CSV<\/a><\/li><li><a href=\"https:\/\/youtu.be\/4gmz2KQBl1I?t=4214\">Enviando a consulta<\/a><\/li><li><a href=\"https:\/\/youtu.be\/4gmz2KQBl1I?t=4270\">Orienta\u00e7\u00f5es aos guardi\u00f5es&gt;Acessando como guardi\u00e3o para obter a chave<\/a><\/li><li><a href=\"https:\/\/youtu.be\/4gmz2KQBl1I?t=4490\">Congelando a consulta<\/a><\/li><li><a href=\"https:\/\/youtu.be\/4gmz2KQBl1I?t=4531\">Vota\u00e7\u00e3o<\/a><\/li><li><a href=\"https:\/\/youtu.be\/4gmz2KQBl1I?t=4714\">Apura\u00e7\u00e3o de consultas<\/a><\/li><li><a href=\"https:\/\/youtu.be\/4gmz2KQBl1I?t=4768\">Ver votantes no momento<\/a><\/li><li><a href=\"https:\/\/youtu.be\/4gmz2KQBl1I?t=4816\">Encerrando a vota\u00e7\u00e3o<\/a><\/li><li><a href=\"https:\/\/youtu.be\/4gmz2KQBl1I?t=4874\">Orienta\u00e7\u00f5es aos guardi\u00f5es&gt;Participando da apura\u00e7\u00e3o<\/a><\/li><li><a href=\"https:\/\/youtu.be\/4gmz2KQBl1I?t=5025\">Computar resultados<\/a><\/li><li><a href=\"https:\/\/youtu.be\/4gmz2KQBl1I?t=5061\">Emitir relat\u00f3rios<\/a><\/li><\/ul><p>\u00a0<\/p><p><strong>Encerramento:<\/strong><\/p><ul><li><a href=\"https:\/\/youtu.be\/4gmz2KQBl1I?t=5202\">D\u00favidas e esclarecimentos<\/a><\/li><\/ul><\/div>\n\t\t\t\t<\/div>\n\t\t\t\t<\/div>\n\t\t\t\t<div class=\"elementor-element elementor-element-d0f7b57 elementor-widget elementor-widget-text-editor\" data-id=\"d0f7b57\" data-element_type=\"widget\" data-widget_type=\"text-editor.default\">\n\t\t\t\t<div class=\"elementor-widget-container\">\n\t\t\t\t\t<div class=\"elementor-text-editor elementor-clearfix\"><p><strong>Apresenta\u00e7\u00e3o Completa:<\/strong><\/p><\/div>\n\t\t\t\t<\/div>\n\t\t\t\t<\/div>\n\t\t\t\t<div class=\"elementor-element elementor-element-559f248 elementor-widget elementor-widget-text-editor\" data-id=\"559f248\" data-element_type=\"widget\" data-widget_type=\"text-editor.default\">\n\t\t\t\t<div class=\"elementor-widget-container\">\n\t\t\t\t\t<div class=\"elementor-text-editor elementor-clearfix\"><\/div>\n\t\t\t\t<\/div>\n\t\t\t\t<\/div>\n\t\t\t\t\t\t<\/div>\n\t\t\t\t\t<\/div>\n\t\t<\/div>\n\t\t\t\t\t\t\t\t<\/div>\n\t\t\t\t\t<\/div>\n\t\t<\/section>\n\t\t\t\t<section class=\"elementor-section elementor-top-section elementor-element elementor-element-a7dc769 elementor-section-boxed elementor-section-height-default elementor-section-height-default\" data-id=\"a7dc769\" data-element_type=\"section\">\n\t\t\t\t\t\t<div class=\"elementor-container elementor-column-gap-default\">\n\t\t\t\t\t\t\t<div class=\"elementor-row\">\n\t\t\t\t\t<div class=\"elementor-column elementor-col-100 elementor-top-column elementor-element elementor-element-b7a124c\" data-id=\"b7a124c\" data-element_type=\"column\">\n\t\t\t<div class=\"elementor-column-wrap elementor-element-populated\">\n\t\t\t\t\t\t\t<div class=\"elementor-widget-wrap\">\n\t\t\t\t\t\t<div class=\"elementor-element elementor-element-6fed170 elementor-aspect-ratio-169 elementor-widget elementor-widget-video\" data-id=\"6fed170\" data-element_type=\"widget\" data-settings=\"{&quot;aspect_ratio&quot;:&quot;169&quot;}\" data-widget_type=\"video.default\">\n\t\t\t\t<div class=\"elementor-widget-container\">\n\t\t\t\t\t<div class=\"elementor-wrapper elementor-fit-aspect-ratio elementor-open-inline\">\n\t\t\t<iframe class=\"elementor-video-iframe\" allowfullscreen title=\"Player de V\u00eddeo youtube\" src=\"https:\/\/www.youtube.com\/embed\/4gmz2KQBl1I?feature=oembed&amp;start&amp;end&amp;wmode=opaque&amp;loop=0&amp;controls=1&amp;mute=0&amp;rel=0&amp;modestbranding=0\"><\/iframe>\t\t<\/div>\n\t\t\t\t<\/div>\n\t\t\t\t<\/div>\n\t\t\t\t<div class=\"elementor-element elementor-element-4f54a23 elementor-widget elementor-widget-text-editor\" data-id=\"4f54a23\" data-element_type=\"widget\" data-widget_type=\"text-editor.default\">\n\t\t\t\t<div class=\"elementor-widget-container\">\n\t\t\t\t\t<div class=\"elementor-text-editor elementor-clearfix\"><\/div>\n\t\t\t\t<\/div>\n\t\t\t\t<\/div>\n\t\t\t\t\t\t<\/div>\n\t\t\t\t\t<\/div>\n\t\t<\/div>\n\t\t\t\t\t\t\t\t<\/div>\n\t\t\t\t\t<\/div>\n\t\t<\/section>\n\t\t\t\t\t\t<\/div>\n\t\t\t\t\t\t<\/div>\n\t\t\t\t\t<\/div>\n\t\t","protected":false},"excerpt":{"rendered":"<p>Tutorial Sistema de Consultas da UFMG &#8211; Apresenta\u00e7\u00e3o da 2\u00aa Vers\u00e3oTransmitido ao vivo em 19 de mar. de 2021 Apresenta\u00e7\u00e3o Power Point: Abertura Apresenta\u00e7\u00e3o Hist\u00f3rico de Implanta\u00e7\u00e3o do Sistema Motiva\u00e7\u00e3o da cria\u00e7\u00e3o da 2\u00aa vers\u00e3o Principais novidades na administra\u00e7\u00e3o das Consultas Estat\u00edsticas de uso do Sistema de Consultas Estrat\u00e9gia de implanta\u00e7\u00e3o da 2\u00aa vers\u00e3o Metodologia&hellip;&nbsp;<a href=\"https:\/\/consultas.ufmg.br\/?page_id=1009\" class=\"\" rel=\"bookmark\">Continue a ler &raquo;<span class=\"screen-reader-text\">Tutorial<\/span><\/a><\/p>\n","protected":false},"author":1,"featured_media":0,"parent":0,"menu_order":0,"comment_status":"closed","ping_status":"closed","template":"page-templates\/template-pagebuilder-full-width.php","meta":[],"_links":{"self":[{"href":"https:\/\/consultas.ufmg.br\/index.php?rest_route=\/wp\/v2\/pages\/1009"}],"collection":[{"href":"https:\/\/consultas.ufmg.br\/index.php?rest_route=\/wp\/v2\/pages"}],"about":[{"href":"https:\/\/consultas.ufmg.br\/index.php?rest_route=\/wp\/v2\/types\/page"}],"author":[{"embeddable":true,"href":"https:\/\/consultas.ufmg.br\/index.php?rest_route=\/wp\/v2\/users\/1"}],"replies":[{"embeddable":true,"href":"https:\/\/consultas.ufmg.br\/index.php?rest_route=%2Fwp%2Fv2%2Fcomments&post=1009"}],"version-history":[{"count":35,"href":"https:\/\/consultas.ufmg.br\/index.php?rest_route=\/wp\/v2\/pages\/1009\/revisions"}],"predecessor-version":[{"id":1046,"href":"https:\/\/consultas.ufmg.br\/index.php?rest_route=\/wp\/v2\/pages\/1009\/revisions\/1046"}],"wp:attachment":[{"href":"https:\/\/consultas.ufmg.br\/index.php?rest_route=%2Fwp%2Fv2%2Fmedia&parent=1009"}],"curies":[{"name":"wp","href":"https:\/\/api.w.org\/{rel}","templated":true}]}}